p(29).
17
Let r(c) = 455*c - 8641. Calculate r(19).
4
Let z(v) = -2*v**3 + 143*v**2 + 75*v - 219. Calculate z(72).
-3
Let q(h) = -7*h**3 - 47*h**2 + 7*h + 9. What is q(-7)?
58
Let i(n) = 39*n - 67. Determine i(5).
128
Let k(n) = 19*n - 492. Calculate k(16).
-188
Let x(s) = -3353*s - 110652. Calculate x(-33).
-3
Let n(a) = -3*a**2 - 444*a - 443. Determine n(-147).
-2
Let x(m) = 101*m**2 + 1913*m + 48. What is x(-19)?
162
Let r(l) = 1191*l - 6870. Determine r(6).
276
Let n(d) = 118*d**2 + 12745*d + 101. Calculate n(-108).
-7
Let a(t) = 5*t**2 - 204*t - 1298. Give a(-6).
106
Let h(v) = 482*v + 471. What is h(-1)?
-11
Let l(m) = -m**3 - 21*m**2 - 101*m - 1. What is l(-14)?
41
Let h(n) = 366*n + 6951. Calculate h(-19).
-3
Let i(w) = 8*w**2 - 231*w - 40. Give i(29).
-11
Let x(j) = -j**3 - 8*j**2 - 46*j - 496. Calculate x(-9).
-1
Let q(j) = 7*j**2 + 3*j - 9. Give q(-5).
151
Let y(u) = u**2 - 25*u + 53. Give y(2).
7
Let n(r) = 5*r**3 + 21*r**2 + 19*r + 16. Calculate n(-8).
-1352
Let b(z) = -z**3 + 12*z**2 + 3*z + 70. Determine b(11).
224
Let b(c) = -154*c - 4342. Calculate b(-28).
-30
Let z(p) = p**3 + 2*p**2 - 56*p - 10. Give z(-9).
-73
Let r(g) = -g**3 + 7*g**2 + 21*g - 99. Determine r(3).
0
Let m(f) = f**3 - 4*f**2 - 19*f - 14. Give m(7).
0
Let f(m) = 7*m**2 + 46*m - 127. What is f(-9)?
26
Let v(u) = -333*u + 2040. What is v(6)?
42
Let j(s) = 16*s**2 + 68*s + 39. Determine j(-3).
-21
Let s(i) = -3*i**2 + 16*i + 75. Give s(12).
-165
Let a(w) = 277*w - 2194. Determine a(8).
22
Let a(g) = 2*g**3 - 94*g**2 - 108*g + 575. What is a(48)?
-1
Let k(v) = -v**3 + 42*v**2 + 40*v + 123. What is k(43)?
-6
Let t(d) = d**3 + 8*d**2 + 54*d - 153. Calculate t(3).
108
Let x(j) = j**2 - 114*j + 2819. What is x(78)?
11
Let p(d) = d**3 - 46*d**2 + 88*d + 8. What is p(44)?
8
Let y(d) = 4*d**3 + 2*d**2 + 19*d + 31. What is y(-2)?
-31
Let s(o) = o**3 + 12*o**2 + 14*o + 5. Determine s(-8).
149
Let w(p) = 3*p**2 - 17*p - 30. What is w(-6)?
180
Let i(x) = -72*x - 557. Determine i(5).
-917
Let v(j) = j**2 - 718*j + 4277. Give v(6).
5
Let q(p) = p**3 - 41*p**2 + 240*p + 43. Calculate q(34).
111
Let u(m) = 151*m - 24. Give u(0).
-24
Let o(b) = 28*b**2 + 1418*b - 9. Give o(-51).
501
Let q(a) = 65*a + 1468. Calculate q(-25).
-157
Let l(a) = -2*a**3 + 31*a**2 - 130*a - 9. Determine l(8).
-89
Let x(j) = 43*j - 4157. Calculate x(95).
-72
Let y(m) = -42*m - 1063. Give y(-25).
-13
Let j(d) = -d**2 - 49*d - 162. Give j(-46).
-24
Let k(j) = -3*j**3 - 13*j**2 + 71*j - 141. What is k(-8)?
-5
Let v(t) = -3*t**3 + 94*t**2 - 99*t + 2115. What is v(31)?
7
Let t(i) = -i**2 - 47*i + 246. What is t(5)?
-14
Let c(p) = -3*p**3 - 3*p**2 - p + 9. Calculate c(-4).
157
Let w(u) = -34*u + 3550. Determine w(107).
-88
Let r(o) = -o**2 - 906*o - 907. Determine r(-1).
-2
Let t(k) = 19*k - 215. What is t(11)?
-6
Let y(b) = 112*b - 427. Calculate y(4).
21
Let k(x) = x**3 + 5*x**2 - 7*x + 75. Calculate k(0).
75
Let x(k) = -k**3 - 15*k**2 + 13*k - 55. Calculate x(-16).
-7
Let k(o) = o**3 - 17*o**2 + 25*o - 11. Give k(16).
133
Let s(y) = -2*y**2 - 13*y - 61. Give s(-7).
-68
Let u(p) = -5*p**2 + 1751*p - 1753. Calculate u(1).
-7
Let s(w) = 117*w - 5401. Give s(46).
-19
Let q(m) = 6*m**3 - 2*m**2 + 5*m + 7. Calculate q(-3).
-188
Let y(p) = 192*p - 2158. Give y(11).
-46
Let k(y) = -11*y - 27. Determine k(-5).
28
Let n(p) = -33*p - 90. Determine n(0).
-90
Let f(c) = c**2 + 2078*c + 26816. What is f(-13)?
-29
Let s(q) = 46*q + 1464. Calculate s(-32).
-8
Let j(a) = a**3 - 3*a**2 - 2*a - 1. What is j(3)?
-7
Let g(m) = -52*m - 124. Determine g(-2).
-20
Let n(t) = 2*t**3 + 26*t**2 - 28*t - 1. Determine n(-14).
-1
Let l(t) = -8*t**3 + t**2 - 66*t + 136. Determine l(2).
-56
Let w(z) = -4*z**2 + 58*z + 110. Determine w(-2).
-22
Let w(o) = -o**2 + 131*o - 655. What is w(6)?
95
Let o(m) = -1400*m + 11250. Calculate o(8).
50
Let n(x) = -9*x**3 + 388*x**2 - 28*x - 649. Determine n(43).
-4
Let o(s) = 1157*s + 12745. What is o(-11)?
18
Let b(l) = -3440*l + 27523. Calculate b(8).
3
Let c(d) = 704*d + 5642. Give c(-8).
10
Let t(c) = -c**2 - 40*c + 453. What is t(9)?
12
Let z(a) = -3*a**3 + 43*a**2 - 14*a + 27. Give z(14).
27
Let q(y) = y**2 - 79*y - 747. Determine q(88).
45
Let s(i) = -215*i + 798. What is s(4)?
-62
Let y(b) = -110*b - 171. Give y(-3).
159
Let g(v) = -v**2 + 22*v - 90. Calculate g(19).
-33
Let j(k) = 16*k**2 + 267*k + 164. Determine j(-16).
-12
Let c(v) = -2*v**2 - 130*v - 1928. Determine c(-23).
4
Let z(k) = -2*k**3 + 193*k**2 + 97*k + 18. Give z(97).
18
Let g(q) = 4*q**2 - 14*q + 37. Determine g(5).
67
Let d(n) = -151*n**3 + 3*n**2 - n - 1. Calculate d(1).
-150
Let j(r) = -6757*r - 54046. What is j(-8)?
10
Let b(i) = -i**2 + 53*i - 641. Give b(27).
61
Let c(z) = -z**3 - 4*z**2 + 279*z - 81. Determine c(-19).
33
Let w(k) = -k**3 - 32*k**2 - 59*k + 14. What is w(-30)?
-16
Let t(q) = 21*q + 137. Give t(-5).
32
Let m(q) = q**3 - 120*q - 618. Give m(-5).
-143
Let n(s) = -2*s + 49. Give n(2).
45
Let h(p) = p**2 - 83*p + 199. Give h(80).
-41
Let j(y) = -63*y - 787. Calculate j(-13).
32
Let y(w) = -8*w + 232. Determine y(39).
-80
Let l(y) = 2*y**2 + 210*y - 423. What is l(2)?
5
Let d(v) = 17*v**3 - 151*v**2 - 12*v - 40. Determine d(9).
14
Let q(v) = v**3 - 10*v**2 - 4*v + 34. Determine q(12).
274
Let y(g) = -g**2 + 394*g + 5289. Give y(-13).
-2
Let a(i) = -4*i**3 + 29*i**2 - 57*i + 74. What is a(5)?
14
Let u(f) = -9*f + 235. Calculate u(21).
46
Let o(r) = -11578*r + 46325. Give o(4).
13
Let d(t) = 22*t - 369. Calculate d(13).
-83
Let q(j) = j**3 - 8*j**2 - 2*j + 23. Calculate q(-5).
-292
Let q(f) = -7*f**2 + 3*f + 5. What is q(-4)?
-119
Let u(o) = -2921*o + 17550. Determine u(6).
24
Let q(h) = 443*h - 1321. Determine q(3).
8
Let u(f) = 2*f**3 + 5*f**2 + 7*f - 13. Calculate u(3).
107
Let l(p) = 5*p + 187. Give l(-38).
-3
Let v(p) = -26*p + 284. Calculate v(11).
-2
Let w(v) = 23*v - 158. Determine w(7).
3
Let c(h) = 19*h**2 - 1292*h - 87. Give c(68).
-87
Let c(h) = -5*h**3 - 8*h**2 - 2*h - 2. Calculate c(-3).
67
Let p(x) = x**3 - 3*x**2 - 6*x + 62. Give p(6).
134
Let h(o) = -107*o**2 + 11*o + 9. Calculate h(-1).
-109
Let c(x) = x**2 - 57*x - 109. What is c(59)?
9
Let l(n) = -17*n + 185. What is l(22)?
-189
Let w(z) = -6*z**3 - 5*z**2 - 2*z + 8. Give w(1).
-5
Let j(p) = -p**2 + 31*p - 201. What is j(17)?
37
Let j(t) = -5*t**2 - 54*t - 16. Calculate j(-10).
24
Let t(l) = 3*l**3 - 20*l**2 + 8*l - 16. Give t(8).
304
Let y(r) = 765*r - 5380. Calculate y(7).
-25
Let b(a) = a**3 + 18*a**2 - 76*a - 276. Give b(-21).
-3
Let x(w) = 314*w - 319. Give x(1).
-5
Let z(k) = -k**3 - 23*k**2 - 5*k - 84. Give z(-23).
31
Let t(v) = v**3 + 99*v**2 + 901*v + 101. Determine t(-10).
-9
Let p(g) = -165*g + 659. Calculate p(4).
-1
Let o(i) = -60*i - 556. What is o(-9)?
-16
Let n(g) = 3*g**2 + 55*g - 38. Calculate n(-19).
0
Let d(u) = u**3 - 24*u**2 - 1238*u - 327. What is d(-25)?
-2
Let k(r) = 2*r**3 + 11*r**2 + 62*r + 180. Determine k(-4).
-20
Let p(s) = 250*s + 13477. Calculate p(-54).
-23
Let w(v) = v**3 + 130*v**2 - 534*v - 11. What is w(4)?
-3
Let b(n) = -n**3 + 8*n**2 + 19*n - 50. Give b(9).
40
Let d(i) = -205*i + 1200. Give d(6).
-30
Let x(p) = p**3 - 4*p**2 - 116*p - 111. Give x(-1).
0
Let z(l) = l**2 - 21*l - 129. Calculate z(-6).
33
Let o(d) = -55*d + 2693. What is o(49)?
-2
Let w(o) = 115*o + 16333. Give w(-142).
3
Let b(v) = -v**3 + 21*v**2 - 105*v - 55. Determine b(10).
-5
Let u(c) = -c**3 - 2*c**2 + 24*c + 22. Determine u(-8).
214
Let b(f) = 20*f + 489. Calculate b(-28).
-71
Let w(q) = -9*q + 116. Determine w(10).
26
Let l(h) = 55*h - 3027. Give l(55).
-2
Let r(d) = 2*d**2 + 10*d + 107. Give r(9).
359
Let b(p) = -p**3 + p**2 - 4*p - 8. Determine b(4).
-72
Let c(q) = -7*q**2 - 62*q + 65. Determine c(1).
-4
Let u(q) = -7*q**2 + 7*q - 53. Determine u(5).
-193
Let a(z) = 2*z**3 - 70*z + 29. Give a(-8).
-435
Let r(a) = -630*a + 5695. Give r(9).
25
Let q(y) = 5*y - 186. Give q(22).
-76
Let q(m) = m**3 - 40*m**2 + 299*m - 613. Calculate q(31).
7
Let f(b) = -13*b - 487. Determine f(-34).
-45
Let b(d) = -4*d**3 - 833*d**2 - 207*d + 166. Determine b(-208).
-42
Let k(m) = -5*m**3 - 2*m**2 - 75*m + 9. Calculate k(5).
-1041
Let u(l) = -l**3 + 23*l**2 - 122*l + 54. What is u(7)?
-16
Let s(f) = -85*f**2 - 34*f + 34. Give s(1).
-85
Let h(p) = 